{"id":9,"date":"2026-03-03T17:20:21","date_gmt":"2026-03-03T20:20:21","guid":{"rendered":"http:\/\/4ktelecom.com.br\/?page_id=9"},"modified":"2026-03-03T17:45:02","modified_gmt":"2026-03-03T20:45:02","slug":"manutencao","status":"publish","type":"page","link":"https:\/\/4ktelecom.com.br\/","title":{"rendered":"Manuten\u00e7\u00e3o"},"content":{"rendered":"\t\t<div data-elementor-type=\"wp-page\" data-elementor-id=\"9\" class=\"elementor elementor-9\" data-elementor-post-type=\"page\">\n\t\t\t\t<div class=\"elementor-element elementor-element-2c7fa42 e-flex e-con-boxed e-con e-parent\" data-id=\"2c7fa42\" data-element_type=\"container\" data-e-type=\"container\">\n\t\t\t\t\t<div class=\"e-con-inner\">\n\t\t\t\t<div class=\"elementor-element elementor-element-5d51e19 elementor-widget elementor-widget-html\" data-id=\"5d51e19\" data-element_type=\"widget\" data-e-type=\"widget\" data-widget_type=\"html.default\">\n\t\t\t\t<div class=\"elementor-widget-container\">\n\t\t\t\t\t<!DOCTYPE html>\r\n<html lang=\"pt-BR\">\r\n<head>\r\n<meta charset=\"UTF-8\">\r\n<meta name=\"viewport\" content=\"width=device-width, initial-scale=1.0\">\r\n<title>4K Telecom | Em Manuten\u00e7\u00e3o<\/title>\r\n\r\n<link href=\"https:\/\/fonts.googleapis.com\/css2?family=Orbitron:wght@400;600;800&family=Poppins:wght@300;400;600&display=swap\" rel=\"stylesheet\">\r\n\r\n<style>\r\n\r\n*{\r\n    margin:0;\r\n    padding:0;\r\n    box-sizing:border-box;\r\n}\r\n\r\nbody{\r\n    height:100vh;\r\n    background: radial-gradient(circle at 20% 30%, #162a9a, #0b0f2c 70%);\r\n    display:flex;\r\n    justify-content:center;\r\n    align-items:center;\r\n    font-family:'Poppins', sans-serif;\r\n    color:white;\r\n    overflow:hidden;\r\n}\r\n\r\n\/* Fundo animado tecnol\u00f3gico *\/\r\nbody::before{\r\n    content:\"\";\r\n    position:absolute;\r\n    width:200%;\r\n    height:200%;\r\n    background: repeating-linear-gradient(\r\n        90deg,\r\n        rgba(255,255,255,0.05) 0px,\r\n        rgba(255,255,255,0.05) 1px,\r\n        transparent 1px,\r\n        transparent 80px\r\n    );\r\n    animation: moveBg 15s linear infinite;\r\n    opacity:0.2;\r\n}\r\n\r\n@keyframes moveBg{\r\n    from{ transform:translateX(0); }\r\n    to{ transform:translateX(-200px); }\r\n}\r\n\r\n.container{\r\n    text-align:center;\r\n    max-width:650px;\r\n    padding:40px;\r\n    position:relative;\r\n    z-index:2;\r\n}\r\n\r\n\/* Logo Neon *\/\r\n.logo{\r\n    font-family:'Orbitron', sans-serif;\r\n    font-size:60px;\r\n    font-weight:800;\r\n    color:#ffd500;\r\n    text-shadow:0 0 10px #ffd500, 0 0 20px #ffd500, 0 0 40px #ffcc00;\r\n    margin-bottom:10px;\r\n}\r\n\r\n.logo span{\r\n    color:#00eaff;\r\n    text-shadow:0 0 10px #00eaff, 0 0 20px #00eaff, 0 0 40px #00eaff;\r\n}\r\n\r\n\/* WiFi animado *\/\r\n.wifi{\r\n    font-size:50px;\r\n    margin:20px 0;\r\n    animation:pulse 1.5s infinite;\r\n}\r\n\r\n@keyframes pulse{\r\n    0%{ transform:scale(1); opacity:0.7; }\r\n    50%{ transform:scale(1.2); opacity:1; }\r\n    100%{ transform:scale(1); opacity:0.7; }\r\n}\r\n\r\nh1{\r\n    font-size:32px;\r\n    font-weight:600;\r\n    margin-bottom:20px;\r\n}\r\n\r\np{\r\n    font-size:18px;\r\n    margin-bottom:25px;\r\n    color:#ccc;\r\n}\r\n\r\n\/* Bot\u00e3o Neon *\/\r\n.btn{\r\n    display:inline-block;\r\n    padding:15px 35px;\r\n    background:#00eaff;\r\n    color:#0b0f2c;\r\n    font-weight:600;\r\n    text-decoration:none;\r\n    border-radius:50px;\r\n    box-shadow:0 0 10px #00eaff, 0 0 20px #00eaff;\r\n    transition:0.3s;\r\n}\r\n\r\n.btn:hover{\r\n    background:#ffd500;\r\n    box-shadow:0 0 15px #ffd500, 0 0 30px #ffd500;\r\n    transform:scale(1.05);\r\n}\r\n\r\nfooter{\r\n    margin-top:40px;\r\n    font-size:14px;\r\n    color:#aaa;\r\n}\r\n\r\n\/* Responsivo *\/\r\n@media(max-width:600px){\r\n    .logo{ font-size:40px; }\r\n    h1{ font-size:24px; }\r\n    p{ font-size:16px; }\r\n}\r\n\r\n<\/style>\r\n<\/head>\r\n\r\n<body>\r\n\r\n<div class=\"container\">\r\n\r\n    <div class=\"logo\">4K <span>Telecom<\/span><\/div>\r\n\r\n    <div class=\"wifi\">\ud83d\udcf6<\/div>\r\n\r\n    <h1>Estamos em Manuten\u00e7\u00e3o<\/h1>\r\n\r\n    <p>\r\n        Nosso site est\u00e1 passando por uma grande atualiza\u00e7\u00e3o.\r\n        Estamos preparando uma vers\u00e3o mais moderna, r\u00e1pida e otimizada para voc\u00ea.\r\n    <\/p>\r\n\r\n    <p>\r\n        \ud83d\ude80 Voltamos em breve com um site totalmente novo!\r\n    <\/p>\r\n\r\n    <a href=\"https:\/\/wa.me\/556195024119\" class=\"btn\">\r\n        Falar no WhatsApp\r\n    <\/a>\r\n\r\n    <footer>\r\n        \u00a9 2026 4K Telecom - Internet Fibra em Bras\u00edlia\r\n    <\/footer>\r\n\r\n<\/div>\r\n\r\n<\/body>\r\n<\/html>\t\t\t\t<\/div>\n\t\t\t\t<\/div>\n\t\t\t\t\t<\/div>\n\t\t\t\t<\/div>\n\t\t\t\t<\/div>\n\t\t","protected":false},"excerpt":{"rendered":"<p>4K Telecom | Em Manuten\u00e7\u00e3o 4K Telecom \ud83d\udcf6 Estamos em Manuten\u00e7\u00e3o Nosso site est\u00e1 passando por uma grande atualiza\u00e7\u00e3o. Estamos preparando uma vers\u00e3o mais moderna, r\u00e1pida e otimizada para voc\u00ea. \ud83d\ude80 Voltamos em breve com um site totalmente novo! Falar no WhatsApp \u00a9 2026 4K Telecom &#8211; Internet Fibra em Bras\u00edlia<\/p>\n","protected":false},"author":1,"featured_media":0,"parent":0,"menu_order":0,"comment_status":"closed","ping_status":"closed","template":"elementor_canvas","meta":{"footnotes":""},"class_list":["post-9","page","type-page","status-publish","hentry"],"_links":{"self":[{"href":"https:\/\/4ktelecom.com.br\/index.php?rest_route=\/wp\/v2\/pages\/9","targetHints":{"allow":["GET"]}}],"collection":[{"href":"https:\/\/4ktelecom.com.br\/index.php?rest_route=\/wp\/v2\/pages"}],"about":[{"href":"https:\/\/4ktelecom.com.br\/index.php?rest_route=\/wp\/v2\/types\/page"}],"author":[{"embeddable":true,"href":"https:\/\/4ktelecom.com.br\/index.php?rest_route=\/wp\/v2\/users\/1"}],"replies":[{"embeddable":true,"href":"https:\/\/4ktelecom.com.br\/index.php?rest_route=%2Fwp%2Fv2%2Fcomments&post=9"}],"version-history":[{"count":7,"href":"https:\/\/4ktelecom.com.br\/index.php?rest_route=\/wp\/v2\/pages\/9\/revisions"}],"predecessor-version":[{"id":18,"href":"https:\/\/4ktelecom.com.br\/index.php?rest_route=\/wp\/v2\/pages\/9\/revisions\/18"}],"wp:attachment":[{"href":"https:\/\/4ktelecom.com.br\/index.php?rest_route=%2Fwp%2Fv2%2Fmedia&parent=9"}],"curies":[{"name":"wp","href":"https:\/\/api.w.org\/{rel}","templated":true}]}}